9201
What are the prime factors of 62886692?
2, 11, 23, 62141
What are the prime factors of 25121236?
2, 7, 257, 3491
What are the prime factors of 199268758?
2, 13, 101, 75883
What are the prime factors of 112338022?
2, 56169011
What are the prime factors of 5939816255?
5, 1187963251
What are the prime factors of 425777802?
2, 3, 19, 3734893
List the prime factors of 184672552.
2, 19, 191, 6361
What are the prime factors of 51281400?
2, 3, 5, 85469
What are the prime factors of 836015492?
2, 13, 61, 263561
List the prime factors of 675770984.
2, 7, 31, 389269
List the prime factors of 3085730585.
5, 7, 88163731
List the prime factors of 226906142.
2, 113453071
What are the prime factors of 1886436044?
2, 471609011
What are the prime factors of 92553614?
2, 1481, 31247
What are the prime factors of 440427558?
2, 3, 73404593
List the prime factors of 3135721853.
11, 373, 764251
What are the prime factors of 179811948?
2, 3, 29, 516701
List the prime factors of 3879690920.
2, 5, 7, 31, 446969
List the prime factors of 302689050.
2, 3, 5, 223, 9049
List the prime factors of 94759766.
2, 113, 419291
What are the prime factors of 3202831104?
2, 3, 11, 379123
List the prime factors of 101687193.
3, 11298577
List the prime factors of 42823926.
2, 3, 41, 58027
What are the prime factors of 7525294680?
2, 3, 5, 29, 2162441
List the prime factors of 3899457236.
2, 43, 22671263
List the prime factors of 1705284008.
2, 17, 197, 63649
What are the prime factors of 791959615?
5, 19, 467, 17851
What are the prime factors of 382265213?
11, 17, 120247
What are the prime factors of 7540589?
7, 1077227
List the prime factors of 76531098.
2, 3, 7, 1822169
What are the prime factors of 1775992772?
2, 443998193
List the prime factors of 48058742.
2, 29, 31, 26729
What are the prime factors of 554911079?
71, 1117, 6997
What are the prime factors of 4516867749?
3, 2971, 506773
List the prime factors of 1431706675.
5, 7, 37, 41, 5393
What are the prime factors of 93470759?
331, 282389
List the prime factors of 33537755.
5, 19, 491, 719
What are the prime factors of 106192879?
13, 8168683
List the prime factors of 26312752.
2, 1644547
What are the prime factors of 184935969?
3, 149, 137909
What are the prime factors of 394051236?
2, 3, 4327, 7589
List the prime factors of 207159723.
3, 1399, 16453
List the prime factors of 655181007.
3, 13, 67, 250739
List the prime factors of 344238636.
2, 3, 7, 4098079
What are the prime factors of 499501278?
2, 3, 29, 41, 23339
List the prime factors of 66152169.
3, 1487, 4943
List the prime factors of 284054957.
37, 7677161
List the prime factors of 795833059.
7, 461, 719
List the prime factors of 41020361.
41020361
What are the prime factors of 55933734?
2, 3, 31, 300719
What are the prime factors of 30552263?
7, 127, 34367
List the prime factors of 98310127.
98310127
What are the prime factors of 53367008?
2, 71, 83, 283
What are the prime factors of 1313934621?
3, 331, 1323197
List the prime factors of 743674487.
367, 2026361
List the prime factors of 645115065.
3, 5, 7, 17, 361409
What are the prime factors of 4875852695?
5, 7, 839, 166043
What are the prime factors of 42193927?
19, 29, 73, 1049
What are the prime factors of 194404784?
2, 7, 47, 36931
What are the prime factors of 72253193?
37, 41, 47629
List the prime factors of 14285711.
11, 83, 15647
What are the prime factors of 251867249?
19, 1019, 13009
What are the prime factors of 37068749?
571, 64919
List the prime factors of 16146205.
5, 3229241
List the prime factors of 2136327723.
3, 79123249
What are the prime factors of 701969976?
2, 3, 1083287
List the prime factors of 1636601326.
2, 818300663
What are the prime factors of 49559754?
2, 3, 1987, 4157
What are the prime factors of 124704278?
2, 62352139
What are the prime factors of 287346797?
23, 131, 95369
What are the prime factors of 39907263?
3, 11, 1209311
What are the prime factors of 51132221?
7, 7304603
List the prime factors of 190171369.
5657, 33617
What are the prime factors of 1097027103?
3, 365675701
List the prime factors of 25300675.
5, 17, 59, 1009
List the prime factors of 159410053.
11, 379, 38237
List the prime factors of 3381047388.
2, 3, 93917983
What are the prime factors of 1748503222?
2, 277, 683, 4621
What are the prime factors of 331837565?
5, 19, 3493027
What are the prime factors of 28103448?
2, 3, 17, 68881
List the prime factors of 2061023873.
2061023873
List the prime factors of 9602480.
2, 5, 29, 4139
List the prime factors of 1030120632.
2, 3, 109, 43753
What are the prime factors of 29152797?
3, 9717599
List the prime factors of 1272143565.
3, 5, 7, 11, 71, 5171
List the prime factors of 36333554.
2, 233, 77969
What are the prime factors of 123719470?
2, 5, 7, 1767421
What are the prime factors of 5809879?
193, 30103
List the prime factors of 9922720.
2, 5, 62017
List the prime factors of 13068730.
2, 5, 1306873
List the prime factors of 40966781.
40966781
List the prime factors of 314656044.
2, 3, 26221337
What are the prime factors of 1938717092?
2, 13, 43, 67, 12941
What are the prime factors of 1447382219?
31, 6473, 7213
List the prime factors of 108557120.
2, 5, 7, 48463
List the prime factors of 1460694686.
2, 11, 66395213
What are the prime factors of 5816823366?
2, 3, 43, 919, 24533
What are the prime factors of 622215316?
2, 71, 233, 9403
What are the prime factors of 596167012?
2, 7, 257, 82847
List the prime factors of 35961112.
2, 11, 167, 2447
List the prime factors of 666046289.
666046289
What are the prime factors of 302052924?
2, 3, 8390359
List the prime factors of 707097089.
191, 3702079
List the prime factors of 168654290.
2, 5, 7, 2409347
List the prime factors of 408952262.
2, 204476131
List the prime factors of 227145315.
3, 5, 137, 110533
What are the prime factors of 33748574?
2, 757, 22291
List the prime factors of 918682.
2, 459341
What are the prime factors of 54688586?
2, 27344293
List the prime factors of 1178763.
3, 17, 29, 797
What are the prime factors of 4385925635?
5, 7, 13, 29, 332393
List the prime factors of 1277899505.
5, 367, 696403
List the prime factors of 265604285.
5, 47, 239, 4729
List the prime factors of 21648187.
11, 1968017
List the prime factors of 49282129.
13, 3790933
List the prime factors of 823727407.
823727407
List the prime factors of 2323667366.
2, 1161833683
What are the prime factors of 173684004?
2, 3, 13, 85643
List the prime factors of 23484621.
3, 101, 179, 433
List the prime factors of 40715945.
5, 547, 14887
List the prime factors of 76441929.
3, 25480643
What are the prime factors of 4156599433?
7, 17, 120863
What are the prime factors of 42815624?
2, 5351953
List the prime factors of 165556095.
3, 5, 11037073
List the prime factors of 112234861.
6709, 16729
List the prime factors of 673027847.
673027847
What are the prime factors of 55321139?
1699, 32561
What are the prime factors of 77287162?
2, 38643581
List the prime factors of 619888077.
3, 68876453
What are the prime factors of 156116622?
2, 3, 26019437
What are the prime factors of 3004681851?
3, 29, 31, 123787
What are the prime factors of 702436730?
2, 5, 1039, 67607
What are the prime factors of 6557324902?
2, 3278662451
What are the prime factors of 61613339?
223, 276293
List the prime factors of 623176035.
3, 5, 83, 317, 1579
What are the prime factors of 482553805?
5, 41, 1487, 1583
List the prime factors of 148536827.
79, 239, 7867
What are the prime factors of 1964678837?
11, 23, 97, 223, 359
List the prime factors of 20015317.
7, 2859331
List the prime factors of 665823417.
3, 7, 4529411
What are the prime factors of 111064235?
5, 71, 312857
What are the prime factors of 107792901?
3, 127, 94307
What are the prime factors of 5362583423?
23, 191, 1220711
What are the prime factors of 26500367?
659, 40213
What are the prime factors of 139615378?
2, 7, 9972527
What are the prime factors of 3747041850?
2, 3, 5, 24980279
What are the prime factors of 75328429?
11, 622549
List the prime factors of 52614537.
3, 2311, 7589
List the prime factors of 284112975.
3, 5, 853, 4441
List the prime factors of 129889030.
2, 5, 101, 128603
List the prime factors of 188136472.
2, 293, 80263
What are the prime factors of 59575444?
2, 14893861
What are the prime fact